n base 7, what is 260 - 10333?
-10043
In base 4, what is 232 - 111101021?
-111100123
In base 14, what is 4 + 26c1?
26c5
In base 9, what is 522715 - -5?
522721
In base 2, what is 100 + -11101000010001?
-11101000001101
In base 10, what is 9 + 7244?
7253
In base 15, what is -1 - -31cab?
31caa
In base 2, what is -1110 - 1001010000100?
-1001010010010
In base 12, what is -6a1a4 + -2?
-6a1a6
In base 5, what is -114034 - -213?
-113321
In base 15, what is 9a8 - c4?
8d4
In base 10, what is -1041 + 172?
-869
In base 13, what is -222 - -78b?
569
In base 2, what is 10100100001100 + 10110?
10100100100010
In base 11, what is -3151 - -11?
-3140
In base 13, what is 14c19 + -2c?
14bba
In base 10, what is 73655 + 0?
73655
In base 8, what is 2 + -57707?
-57705
In base 4, what is 21211230 + -1?
21211223
In base 6, what is 2142314 + 5?
2142323
In base 4, what is -13312301 + 10?
-13312231
In base 10, what is -125691 - 5?
-125696
In base 15, what is 190 - 8b8?
-728
In base 9, what is 23 + 4377?
4411
In base 2, what is -101101000000110 - -10111?
-101100111101111
In base 5, what is 0 + -12321304?
-12321304
In base 13, what is -31909 - 2?
-3190b
In base 4, what is 203310 - -3313?
213223
In base 6, what is 4 - 3041120?
-3041112
In base 16, what is e04e4 + -3?
e04e1
In base 3, what is -1022122 - -20?
-1022102
In base 10, what is -2143 - 3?
-2146
In base 7, what is 22631 + 2413?
25344
In base 8, what is -467 + -35271?
-35760
In base 14, what is 29c - -19cd?
1c8b
In base 13, what is 8c - 95?
-6
In base 10, what is -3 + -393021?
-393024
In base 7, what is -2 - 5462?
-5464
In base 2, what is -11010000100011100011 - 1?
-11010000100011100100
In base 9, what is 1 + 5122?
5123
In base 9, what is 23268 - -7?
23276
In base 9, what is -60 - 57258?
-57328
In base 11, what is -160 + 46?
-115
In base 8, what is 2272 + 13?
2305
In base 6, what is -4 + -3310352?
-3310400
In base 12, what is 140 - 7?
135
In base 3, what is 2210102 + -111?
2202221
In base 16, what is c775 - 3?
c772
In base 10, what is -2 - 209811?
-209813
In base 10, what is 337 + -352?
-15
In base 5, what is 4 + -3001100?
-3001041
In base 3, what is 1122 - -1110111?
1112010
In base 14, what is 0 - 2b69c4?
-2b69c4
In base 3, what is 12210111101 - 112?
12210110212
In base 12, what is -140b87 - -20?
-140b67
In base 3, what is -2011012 - 0?
-2011012
In base 16, what is 67 - 1d?
4a
In base 4, what is -100333 + -22?
-101021
In base 15, what is -168a - -5?
-1685
In base 10, what is 6 - -6840?
6846
In base 14, what is -2a7a + -6?
-2a82
In base 5, what is 102344430 - -2?
102344432
In base 6, what is 3 - -521353?
521400
In base 6, what is -103053202 - -5?
-103053153
In base 9, what is -3 - 182510?
-182513
In base 15, what is 1e6 + 75?
26b
In base 16, what is 297a + 41?
29bb
In base 16, what is 50 + 25f?
2af
In base 16, what is -3 + -8fdf?
-8fe2
In base 11, what is -12a9a + -5?
-12aa4
In base 13, what is -1a37 + c6?
-1941
In base 13, what is 8a - -5c3?
680
In base 14, what is -1262 + 8d?
-11b3
In base 6, what is 105124 - 2?
105122
In base 11, what is 6663 - -48?
6700
In base 10, what is -145699 - -10?
-145689
In base 9, what is -63532 - 22?
-63554
In base 15, what is 2d7 + 482?
769
In base 2, what is -1011001110 + 1100010?
-1001101100
In base 3, what is -220020020 + 101?
-220012212
In base 7, what is -16503 - -12?
-16461
In base 4, what is 0 + 1123103032?
1123103032
In base 11, what is 5a77 + 0?
5a77
In base 14, what is 248 + 432?
67a
In base 12, what is 0 + 292?
292
In base 4, what is 131210 + -1023?
130121
In base 9, what is -5 - 38348?
-38354
In base 15, what is 2ad - -27?
2d5
In base 13, what is b - 10a28?
-10a1a
In base 4, what is -1 + 11123311322?
11123311321
In base 9, what is -117 - 167?
-285
In base 12, what is -a11 + -52?
-a63
In base 11, what is 62 - 362?
-300
In base 15, what is 84b3 + -4?
84ae
In base 8, what is 357422 - 5?
357415
In base 14, what is -1800 + 2c?
-17b2
In base 10, what is 6 - -6980?
6986
In base 14, what is 599 + 8a?
645
In base 8, what is -3517 + -41?
-3560
In base 7, what is -325 + -2005?
-2333
In base 8, what is 142 - 22251?
-22107
In base 12, what is 38729 + 14?
38741
In base 10, what is -5 + 115?
110
In base 8, what is 45573 - -104?
45677
In base 9, what is 0 + 151764?
151764
In base 13, what is 7649 + 22?
766b
In base 9, what is -1 - 456640?
-456641
In base 12, what is 1215a + -12?
12148
In base 6, what is -15304 + 44?
-15220
In base 6, what is -322254 - 2?
-322300
In base 3, what is -11 - -1202000110?
1202000022
In base 3, what is 101 + 111201002222?
111201010100
In base 16, what is -a5db + -4?
-a5df
In base 7, what is -5245 - 12?
-5260
In base 10, what is -7293 + -50?
-7343
In base 15, what is -43 + 167?
124
In base 3, what is 10011110000 - -12?
10011110012
In base 6, what is 12305421 + 11?
12305432
In base 14, what is 2b - -776?
7a3
In base 15, what is -a + 114?
109
In base 9, what is -242 + 5132?
4780
In base 6, what is -35324402 - 4?
-35324410
In base 6, what is -12 - -100321?
100305
In base 6, what is 35401 - 1?
35400
In base 16, what is -e + 6f75?
6f67
In base 5, what is -1 + 144043140?
144043134
In base 4, what is 13130 + 111230?
131020
In base 5, what is 13411 - 23?
13333
In base 12, what is 6699 + 15a?
6837
In base 4, what is 2210 - 302021?
-233211
In base 12, what is 2 - -7294?
7296
In base 12, what is -1 - 60bb?
-6100
In base 6, what is 2223503 - -3?
2223510
In base 10, what is 4265 - 12?
4253
In base 13, what is 3b29 + -6?
3b23
In base 6, what is -543104 + 3?
-543101
In base 9, what is 12 - 754580?
-754567
In base 7, what is 101154 - -6?
101163
In base 11, what is -2107 + -2?
-2109
In base 14, what is 87c + -8?
874
In base 7, what is 116 - 12413?
-12264
In base 3, what is 222222001 + 10?
222222011
In base 3, what is 2 + 102012020?
102012022
In base 13, what is -534 - 50?
-584
In base 4, what is -21311 - -313?
-20332
In base 14, what is -ab96 - 1?
-ab97
In base 13, what is b0a + 11?
b1b
In base 3, what is 100212022 - -1102?
100220201
In base 11, what is 5 + 19305?
1930a
In base 7, what is 6653305 + 5?
6653313
In base 8, what is -525532 + 5?
-525525
In base 16, what is -1 - 99c?
-99d
In base 5, what is -14300340 + 10?
-14300330
In base 2, what is -110 - 100001100111?
-100001101101
In base 8, what is 2173 + -2?
2171
In base 2, what is 10000111101010001 + -101?
10000111101001100
In base 10, what is -2 - -11684?
11682
In base 2, what is -1000100010100101 + 11010?
-1000100010001011
In base 10, what is -198408 + 2?
-198406
In base 13, what is -4b73 - -1c?
-4b54
In base 16, what is 7348 + d?
7355
In base 5, what is -10141034 + -4?
-10141043
In base 4, what is 2021230 - 22?
2021202
In base 14, what is -cdb - 2?
-cdd
In base 12, what is 1bb - -205?
404
In base 7, what is 14 - -112136?
112153
In base 2, what is 11010101 - 1111111?
1010110
In base 4, what is 1 - -33210131?
33210132
In base 11, what is 696 + 18?
703
In base 7, what is -5 + -33261?
-33266
In base 3, what is -11210210022022 - 1?
-11210210022100
In base 10, what is 236 + 2325?
2561
In base 6, what is 13233401 + 10?
13233411
In base 9, what is -4673 + 380?
-4283
In base 6, what is -114052404 - -2?
-114052402
In base 15, what is -23a18 - -3?
-23a15
In base 10, what is -3721 - 10?
-3731
In base 4, what is 201001122 - 100?
201001022
In base 16, what is -6 + 52ce?
52c8
In base 9, what is -1 + 1888815?
1888814
In base 16, what is 1 - 48b46?
-48b45
In base 2, what is -10000100010001010101 - 101?
-10000100010001011010
In base 3, what is 2211112001 - 22?
2211111202
In base 2, what is -1 - 1011010000?
-1011010001
In base 10, what is -2 - -65886?
65884
In base 6, what is 4 + -13423154?
-13423150
In base 10, what is -106 + -18?
-124
In base 5, what is -10 + 124200?
124140
In base 3, what is 11 + -221202211?
-221202200
In base 4, what is 110323 + -1303?
103020
In base 13, what is 233 + -c4?
13c
In base 7, what is 14 - 5436?
-5422
In base 14, what is -5 - -51b?
516
In base 8, what is -3042521 + 5?
-3042514
In base 2, what is -101100010 - -1101110?
-11110100
In base 5, what is -1112 - -13002?
11340
In base 14, what is 79 + 1a8?
243
In base 2, what is 111010000110111001011 + 100?
111010000110111001111
In base 15, what is -3 + -75a84?
-75a87
In base 14, what is -12 + -d3?
-105
In base 4, what is -11 + 3330023?
3330012
In base 14, what is -d6cd - 